{"id":464,"date":"2013-03-25T11:41:30","date_gmt":"2013-03-25T11:41:30","guid":{"rendered":"http:\/\/www.nice.2mad.net\/?page_id=464"},"modified":"2013-03-29T17:52:29","modified_gmt":"2013-03-29T17:52:29","slug":"festivals","status":"publish","type":"page","link":"http:\/\/www.nice.2mad.net\/?page_id=464","title":{"rendered":"Festivals &#038; Carnivals"},"content":{"rendered":"<table border=\"0\">\n<tbody>\n<tr>\n<td><a href=\"http:\/\/www.nice.2mad.net\/wp-content\/uploads\/2013\/03\/NiceCarnival16_full.jpg\" target=\"_blank\"><img loading=\"lazy\" decoding=\"async\" class=\"aligncenter  wp-image-611\" alt=\"Nice Carnival\" src=\"http:\/\/www.nice.2mad.net\/wp-content\/uploads\/2013\/03\/NiceCarnival16_400.jpg\" width=\"300\" height=\"200\" \/><\/a><\/td>\n<td><a href=\"http:\/\/www.nice.2mad.net\/wp-content\/uploads\/2013\/03\/NiceCarnival11_full.jpg\" target=\"_blank\"><img loading=\"lazy\" decoding=\"async\" class=\"aligncenter size-medium wp-image-604\" alt=\"Nice Carnival\" src=\"http:\/\/www.nice.2mad.net\/wp-content\/uploads\/2013\/03\/NiceCarnival11_400.jpg\" width=\"300\" height=\"200\" \/><\/a><\/td>\n<td><a href=\"http:\/\/www.nice.2mad.net\/wp-content\/uploads\/2013\/03\/NiceCarnival07_full.jpg\" target=\"_blank\"><img loading=\"lazy\" decoding=\"async\" class=\"aligncenter size-medium wp-image-598\" alt=\"Nice Carnival\" src=\"http:\/\/www.nice.2mad.net\/wp-content\/uploads\/2013\/03\/NiceCarnival07_400.jpg\" width=\"200\" height=\"200\" \/><\/a><\/td>\n<td><a href=\"http:\/\/www.nice.2mad.net\/wp-content\/uploads\/2013\/03\/NiceCarnival08_full.jpg\" target=\"_blank\"><img loading=\"lazy\" decoding=\"async\" class=\"aligncenter size-medium wp-image-600\" alt=\"Nice Carnival\" src=\"http:\/\/www.nice.2mad.net\/wp-content\/uploads\/2013\/03\/NiceCarnival08_400.jpg\" width=\"300\" height=\"200\" \/><\/a><\/td>\n<td><a href=\"http:\/\/www.nice.2mad.net\/wp-content\/uploads\/2013\/03\/NiceCarnival10_full.jpg\" target=\"_blank\"><img loading=\"lazy\" decoding=\"async\" class=\"aligncenter size-medium wp-image-628\" alt=\"Nice Carnival\" src=\"http:\/\/www.nice.2mad.net\/wp-content\/uploads\/2013\/03\/NiceCarnival10_400.jpg\" width=\"300\" height=\"200\" \/><\/a><\/td>\n<\/tr>\n<\/tbody>\n<\/table>\n<table border=\"0\">\n<tbody>\n<tr>\n<td><a href=\"http:\/\/www.nice.2mad.net\/wp-content\/uploads\/2013\/03\/NiceCarnival17_full.jpg\" target=\"_blank\"><img loading=\"lazy\" decoding=\"async\" class=\"aligncenter  wp-image-624\" alt=\"Nice Carnival\" src=\"http:\/\/www.nice.2mad.net\/wp-content\/uploads\/2013\/03\/NiceCarnival17_400.jpg\" width=\"300\" height=\"200\" \/><\/a><\/td>\n<td><a href=\"http:\/\/www.nice.2mad.net\/wp-content\/uploads\/2013\/03\/NiceCarnival04_full.jpg\" target=\"_blank\"><img loading=\"lazy\" decoding=\"async\" class=\"aligncenter  wp-image-631\" alt=\"Nice Carnival\" src=\"http:\/\/www.nice.2mad.net\/wp-content\/uploads\/2013\/03\/NiceCarnival04_400.jpg\" width=\"200\" height=\"300\" \/><\/a><\/td>\n<td><a href=\"http:\/\/www.nice.2mad.net\/wp-content\/uploads\/2013\/03\/NiceCarnival09_full.jpg\" target=\"_blank\"><img loading=\"lazy\" decoding=\"async\" class=\"aligncenter size-medium wp-image-602\" alt=\"NiceCarnival09_400\" src=\"http:\/\/www.nice.2mad.net\/wp-content\/uploads\/2013\/03\/NiceCarnival09_400.jpg\" width=\"300\" height=\"200\" \/><\/a><\/td>\n<td><a href=\"http:\/\/www.nice.2mad.net\/wp-content\/uploads\/2013\/03\/NiceCarnival02_full.jpg\" target=\"_blank\"><img loading=\"lazy\" decoding=\"async\" class=\"aligncenter  wp-image-610\" alt=\"Nice Carnival\" src=\"http:\/\/www.nice.2mad.net\/wp-content\/uploads\/2013\/03\/NiceCarnival02_400.jpg\" width=\"200\" height=\"300\" \/><\/a><\/td>\n<td><a href=\"http:\/\/www.nice.2mad.net\/wp-content\/uploads\/2013\/03\/NiceCarnival14_full.jpg\" target=\"_blank\"><img loading=\"lazy\" decoding=\"async\" class=\"aligncenter size-medium wp-image-620\" alt=\"Nice Carnival\" src=\"http:\/\/www.nice.2mad.net\/wp-content\/uploads\/2013\/03\/NiceCarnival14_400.jpg\" width=\"300\" height=\"200\" \/><\/a><\/td>\n<\/tr>\n<\/tbody>\n<\/table>\n<p>There is something going on in Nice and the surrounding towns every month of the year. Here are just a few:<\/p>\n<p>16 Feb &#8211; 6 March &#8211; Le carnival de Nice\u00a0<a href=\"http:\/\/www.nicecarnaval.com\/en\/index.php\">www.nicecarnaval.com<\/a>\u00a0and La fete du citrons at Menton\u00a0<a href=\"http:\/\/www.fete-du-citron.com\">www.fete-du-citron.com<\/a>\u00a0(photos taken at Carnival 2013)<\/p>\n<p>Early March &#8211; The <a href=\"http:\/\/www.letour.com\/indexPNC_us.html\" target=\"_blank\">Paris to Nice<\/a> cycle race. <a href=\"http:\/\/en.wikipedia.org\/wiki\/Paris-Nice\" target=\"_blank\">http:\/\/en.wikipedia.org\/wiki\/Paris-Nice<\/a><\/p>\n<p>May \/ June &#8211; Festival des Heures Musicales de Biot.\u00a0The music festival of the hilltop village of Biot started back in the early 80s and is a series of concerts by both professional musicians and young talent.<\/p>\n<p>15 May &#8211; Cannes film festival.<\/p>\n<p>19 &#8211; 25 May &#8211; Nice Tennis Open. <a href=\"http:\/\/www.opennicecotedazur.com\" target=\"_blank\">www.opennicecotedazur.com<\/a><\/p>\n<p>23 &#8211; 26 May &#8211; <a href=\"http:\/\/www.monaco-grand-prix.com\" target=\"_blank\">Monaco Grand Prix<\/a>. Every other year (even numbered years) is the <a href=\"http:\/\/www.grand-prix-monaco.com\/formula1monaco\/grand-prix-historic\/\" target=\"_blank\">Historic Grand Prix<\/a>.<\/p>\n<p>June &#8211; <a href=\"http:\/\/www.frenchriviera-tourism.com\/events\/festival-de-musique-sacree-nice-N4fiche_FMAPAC0060000133-rub_15.html\" target=\"_blank\">Festival de Musique Sacr\u00e9e, Nice.<\/a> The Festival of Sacred Music first began in 1974. All concerts take place in the churches in the old town of Nice.<\/p>\n<p>21 June &#8211; Fete de la Musique, Cannes.\u00a0This music festival first took place in 1982 when the minister of culture invited all musicians to perform in the streets of towns and villages across France. Since then, it has become an annual arts event taking place on midsummer&#8217;s night.\u00a0<a href=\"http:\/\/www.palaisdesfestivals.com\" target=\"_blank\">www.palaisdesfestivals.com<\/a><\/p>\n<p>July &#8211; Jazz \u00e0 Juan.\u00a0The annual Jazz at Juan les Pins festival welcomes some of the most best known international jazz artists.<\/p>\n<p>02 &#8211; 03 July &#8211; the Tour de France, Nice. The 100th Tour promises to keep fans on the very edge of their seats. With an unusual June start in Corsica (the &#8216;Isle of Beauty&#8217;) on June 29, the 2013 race remains on the island until Stage 4, when the riders will be back on the mainland for an urban excursion through Nice for the team time trial. Missing from the Tour for several years, the team time trial is a popular event with spectators. From there, the race heads west through Marseille, Montpellier, Albi, Castres and Saint Girons before the first significant climbing of the race to Ax 3 Domaines and Bagn\u00e8res-de-Bigorre in the Pyr\u00e9n\u00e9es.<\/p>\n<p>06 &#8211; 08 July &#8211; Cannes Salsa Festival, Cannes.\u00a0<a href=\"http:\/\/www.cannessalsafestival.fr\" target=\"_blank\">www.cannessalsafestival.fr<\/a><\/p>\n<p>08 &#8211; 12 July &#8211; Le festival de Jazz, Nice.\u00a0Over 75 concerts take place with more than 45,000 spectators and 500 musicians each year, the Nice Jazz festival is one of the largest in Europe. Performances every evening on several different stages in the olive groves and Roman arenas in the area, from 7pm to midnight.\u00a0All genres of jazz, blues, gospel, fusion and urban funk are played.\u00a0<a href=\"http:\/\/www.nicejazzfestival.fr\" target=\"_blank\">www.nicejazzfestival.fr<\/a><\/p>\n<p>04, 14, 21, 29 July, 07, 15 &amp; 24 August &#8211; Festival d&#8217;art pyrotechnique, Cannes<\/p>\n<p>11 &#8211; 13 July &#8211; Festival pantiero, Cannes<\/p>\n<p>14 July &#8211; Bastille Day with live music around the old town and a huge fireworks display on the beach (free, approximate start 22:45)<\/p>\n<p>16 &#8211; 20 July &#8211; Crazy Week, the Nice pop rock festival. <a href=\"http:\/\/www.ivoiremusic.fr\/crazyweek\/\" target=\"_blank\">www.ivoiremusic.fr\/crazyweek\/<\/a><\/p>\n<p>19 &#8211; 20 July &#8211; Fiesta Flamenca, Cannes<\/p>\n<p>July &#8211; August &#8211; Festival des Nuits du Sud, Vence.\u00a0The festival showcases sounds from the South, with music by celebrated performers and musicians from Chili, Columbia, Cuba, Brazil, Ivory Coast, Mali, Spain, Senegal and many more countries. During the festival there are also exhibitions, activities and free concerts.<\/p>\n<p>July and August<strong> &#8211;\u00a0<\/strong>Le Sporting Summer Festival, Monaco.\u00a0The Sporting Club Monte-Carlo hosts international music artists every summer for performances in the spectacular Salle des Etoiles.<\/p>\n<p>August &#8211; Festival de Musique de Menton.\u00a0The festival welcomes well known musicians from around the world for three weeks of classical music at Le Parvis de la Basilique Saint-Michel Archange in the old town.\u00a0Tickets are available for one concert or in a book of tickets available for 3-10 concerts.<\/p>\n<p>03 August &#8211; Break the Floor Summer \/ Defipayette, Cannes<\/p>\n<p>09 &#8211; 12 August &#8211; Jazz a Domergue, Cannes<\/p>\n<p>19 &#8211; 23 August, Festival du jeune art russe, Cannes<\/p>\n<p>23 &#8211; 27 August, Festival de l&#8217;art russe<\/p>\n<p>23 &#8211; 28 August &#8211; Nuits Musicales du Suquet, Cannes.\u00a0<a href=\"http:\/\/www.palaisdesfestivals.com\" target=\"_blank\">www.palaisdesfestivals.com<\/a><\/p>\n<p>15 &#8211; 20 October &#8211; Nice film festival. <a href=\"http:\/\/www.nicefilmfestival.com\/court-metrage\/\" target=\"_blank\">www.nicefilmfestival.com<\/a><\/p>\n<p>TimeOut Guide has some good tips as well. <a href=\"http:\/\/www.timeout.com\/nice\" target=\"_blank\">http:\/\/www.timeout.com\/nice<\/a><\/p>\n<table border=\"0\">\n<tbody>\n<tr>\n<td><a href=\"http:\/\/www.nice.2mad.net\/wp-content\/uploads\/2013\/03\/NiceCarnival13_full.jpg\" target=\"_blank\"><img loading=\"lazy\" decoding=\"async\" class=\"aligncenter size-medium wp-image-613\" alt=\"Nice Carnival\" src=\"http:\/\/www.nice.2mad.net\/wp-content\/uploads\/2013\/03\/NiceCarnival13_400.jpg\" width=\"300\" height=\"200\" \/><\/a><\/td>\n<td><a href=\"http:\/\/www.nice.2mad.net\/wp-content\/uploads\/2013\/03\/NiceCarnival15_full.jpg\" target=\"_blank\"><img loading=\"lazy\" decoding=\"async\" class=\"aligncenter size-medium wp-image-609\" alt=\"Nice Carnival\" src=\"http:\/\/www.nice.2mad.net\/wp-content\/uploads\/2013\/03\/NiceCarnival15_400.jpg\" width=\"300\" height=\"200\" \/><\/a><\/td>\n<td><a href=\"http:\/\/www.nice.2mad.net\/wp-content\/uploads\/2013\/03\/NiceCarnival03_full.jpg\" target=\"_blank\"><img loading=\"lazy\" decoding=\"async\" class=\"aligncenter  wp-image-626\" alt=\"Nice Carnival\" src=\"http:\/\/www.nice.2mad.net\/wp-content\/uploads\/2013\/03\/NiceCarnival03_400.jpg\" width=\"200\" height=\"300\" \/><\/a><\/td>\n<td><a href=\"http:\/\/www.nice.2mad.net\/wp-content\/uploads\/2013\/03\/NiceCarnival05_full.jpg\" target=\"_blank\"><img loading=\"lazy\" decoding=\"async\" class=\"aligncenter  wp-image-606\" alt=\"Nice Carnival\" src=\"http:\/\/www.nice.2mad.net\/wp-content\/uploads\/2013\/03\/NiceCarnival05_400.jpg\" width=\"300\" height=\"200\" \/><\/a><\/td>\n<td><a href=\"http:\/\/www.nice.2mad.net\/wp-content\/uploads\/2013\/03\/NiceCarnival12_full.jpg\" target=\"_blank\"><img loading=\"lazy\" decoding=\"async\" class=\"aligncenter size-medium wp-image-629\" alt=\"Nice Carnival\" src=\"http:\/\/www.nice.2mad.net\/wp-content\/uploads\/2013\/03\/NiceCarnival12_400.jpg\" width=\"300\" height=\"200\" \/><\/a><\/td>\n<\/tr>\n<\/tbody>\n<\/table>\n","protected":false},"excerpt":{"rendered":"<p>There is something going on in Nice and the surrounding towns every month of the year. Here are just a few: 16 Feb &#8211; 6 March &#8211; Le carnival de Nice\u00a0www.nicecarnaval.com\u00a0and La fete du citrons at Menton\u00a0www.fete-du-citron.com\u00a0(photos taken at Carnival 2013) Early March &#8211; The Paris to Nice cycle race. http:\/\/en.wikipedia.org\/wiki\/Paris-Nice May \/ June &#8211; [&hellip;]<\/p>\n","protected":false},"author":3,"featured_media":0,"parent":65,"menu_order":2,"comment_status":"closed","ping_status":"closed","template":"page-templates\/full-width.php","meta":{"footnotes":""},"class_list":["post-464","page","type-page","status-publish","hentry"],"_links":{"self":[{"href":"http:\/\/www.nice.2mad.net\/index.php?rest_route=\/wp\/v2\/pages\/464","targetHints":{"allow":["GET"]}}],"collection":[{"href":"http:\/\/www.nice.2mad.net\/index.php?rest_route=\/wp\/v2\/pages"}],"about":[{"href":"http:\/\/www.nice.2mad.net\/index.php?rest_route=\/wp\/v2\/types\/page"}],"author":[{"embeddable":true,"href":"http:\/\/www.nice.2mad.net\/index.php?rest_route=\/wp\/v2\/users\/3"}],"replies":[{"embeddable":true,"href":"http:\/\/www.nice.2mad.net\/index.php?rest_route=%2Fwp%2Fv2%2Fcomments&post=464"}],"version-history":[{"count":10,"href":"http:\/\/www.nice.2mad.net\/index.php?rest_route=\/wp\/v2\/pages\/464\/revisions"}],"predecessor-version":[{"id":813,"href":"http:\/\/www.nice.2mad.net\/index.php?rest_route=\/wp\/v2\/pages\/464\/revisions\/813"}],"up":[{"embeddable":true,"href":"http:\/\/www.nice.2mad.net\/index.php?rest_route=\/wp\/v2\/pages\/65"}],"wp:attachment":[{"href":"http:\/\/www.nice.2mad.net\/index.php?rest_route=%2Fwp%2Fv2%2Fmedia&parent=464"}],"curies":[{"name":"wp","href":"https:\/\/api.w.org\/{rel}","templated":true}]}}